74?
7
What is the thousands digit of 1162?
1
What is the ten thousands digit of 90755?
9
What is the thousands digit of 20098?
0
What is the units digit of 1196?
6
What is the ten thousands digit of 89565?
8
What is the units digit of 21758?
8
What is the hundreds digit of 12916?
9
What is the thousands digit of 42490?
2
What is the units digit of 8544?
4
What is the units digit of 22820?
0
What is the hundreds digit of 46897?
8
What is the tens digit of 2849?
4
What is the tens digit of 54109?
0
What is the tens digit of 39338?
3
What is the thousands digit of 106832?
6
What is the thousands digit of 2081?
2
What is the thousands digit of 49477?
9
What is the thousands digit of 10129?
0
What is the thousands digit of 18353?
8
What is the units digit of 1685?
5
What is the hundreds digit of 10851?
8
What is the tens digit of 42?
4
What is the ten thousands digit of 15450?
1
What is the ten thousands digit of 55238?
5
What is the tens digit of 419?
1
What is the tens digit of 44?
4
What is the units digit of 487?
7
What is the hundreds digit of 6744?
7
What is the units digit of 254?
4
What is the hundreds digit of 357?
3
What is the hundreds digit of 723?
7
What is the thousands digit of 1534?
1
What is the tens digit of 4778?
7
What is the units digit of 25025?
5
What is the tens digit of 1107?
0
What is the units digit of 8516?
6
What is the hundreds digit of 48389?
3
What is the thousands digit of 1520?
1
What is the units digit of 133166?
6
What is the hundreds digit of 1803?
8
What is the hundreds digit of 20220?
2
What is the tens digit of 3760?
6
What is the units digit of 4826?
6
What is the hundreds digit of 6483?
4
What is the hundreds digit of 327?
3
What is the units digit of 7772?
2
What is the units digit of 5615?
5
What is the tens digit of 77752?
5
What is the units digit of 7847?
7
What is the units digit of 2255?
5
What is the hundreds digit of 1562?
5
What is the units digit of 7522?
2
What is the hundreds digit of 39212?
2
What is the thousands digit of 22389?
2
What is the tens digit of 1376?
7
What is the thousands digit of 2649?
2
What is the tens digit of 3359?
5
What is the thousands digit of 52579?
2
What is the units digit of 589?
9
What is the units digit of 24381?
1
What is the tens digit of 54281?
8
What is the thousands digit of 28862?
8
What is the thousands digit of 2888?
2
What is the units digit of 2923?
3
What is the tens digit of 49701?
0
What is the tens digit of 56567?
6
What is the thousands digit of 3160?
3
What is the units digit of 1966?
6
What is the hundreds digit of 1480?
4
What is the units digit of 14894?
4
What is the hundreds digit of 9370?
3
What is the tens digit of 1264?
6
What is the ten thousands digit of 39701?
3
What is the tens digit of 57366?
6
What is the tens digit of 996?
9
What is the hundreds digit of 1975?
9
What is the thousands digit of 9465?
9
What is the tens digit of 21645?
4
What is the tens digit of 439?
3
What is the tens digit of 1164?
6
What is the units digit of 692?
2
What is the ten thousands digit of 98894?
9
What is the ten thousands digit of 10005?
1
What is the tens digit of 13395?
9
What is the ten thousands digit of 20710?
2
What is the tens digit of 5904?
0
What is the hundreds digit of 13751?
7
What is the tens digit of 27370?
7
What is the tens digit of 866?
6
What is the hundred thousands digit of 116484?
1
What is the units digit of 412?
2
What is the units digit of 354?
4
What is the hundreds digit of 7629?
6
What is the ten thousands digit of 75002?
7
What is the units digit of 29857?
7
What is the units digit of 12713?
3
What is the units digit of 13469?
9
What is the thousands digit of 1016?
1
What is the thousands digit of 79362?
9
What is the tens digit of 838?
3
What is the hundreds digit of 28281?
2
What is the tens digit of 13147?
4
What is the thousands digit of 5534?
5
What is the hundreds digit of 180?
1
What is the ten thousands digit of 11643?
1
What is the units digit of 8108?
8
What is the tens digit of 17570?
7
What is the tens digit of 39309?
0
What is the units digit of 45377?
7
What is the tens digit of 5105?
0
What is the thousands digit of 25616?
5
What is the units digit of 85569?
9
What is the units digit of 448?
8
What is the thousands digit of 16530?
6
What is the hundreds digit of 5535?
5
What is the tens digit of 26771?
7
What is the thousands digit of 7280?
7
What is the thousands digit of 1231?
1
What is the units digit of 5516?
6
What is the tens digit of 1668?
6
What is the tens digit of 5505?
0
What is the tens digit of 29?
2
What is the tens digit of 3969?
6
What is the units digit of 3668?
8
What is the thousands digit of 1348?
1
What is the hundreds digit of 3834?
8
What is the tens digit of 181713?
1
What is the ten thousands digit of 13921?
1
What is the units digit of 5220?
0
What is the hundreds digit of 12508?
5
What is the units digit of 39522?
2
What is the hundreds digit of 815?
8
What is the hundreds digit of 681?
6
What is the thousands digit of 6221?
6
What is the thousands digit of 15366?
5
What is the thousands digit of 1529?
1
What is the hundreds digit of 888?
8
What is the ten thousands digit of 88664?
8
What is the thousands digit of 25208?
5
What is the tens digit of 4300?
0
What is the hundreds digit of 851?
8
What is the thousands digit of 3234?
3
What is the thousands digit of 3765?
3
What is the hundreds digit of 30629?
6
What is the ten thousands digit of 33423?
3
What is the thousands digit of 2844?
2
What is the tens digit of 8196?
9
What is the units digit of 50541?
1
What is the thousands digit of 1075?
1
What is the hundreds digit of 2204?
2
What is the units digit of 11776?
6
What is the tens digit of 87667?
6
What is the thousands digit of 3107?
3
What is the hundreds digit of 1056?
0
What is the units digit of 3084?
4
What is the hundreds digit of 8621?
6
What is the units digit of 3715?
5
What is the units digit of 20605?
5
What is the tens digit of 34807?
0
What is the units digit of 25419?
9
What is the hundreds digit of 5229?
2
What is the units digit of 5089?
9
What is the thousands digit of 4868?
4
What is the tens digit of 8205?
0
What is the thousands digit of 50166?
0
What is the units digit of 1987?
7
What is the tens digit of 5742?
4
What is the ten thousands digit of 11095?
1
What is the thousands digit of 2577?
2
What is the tens digit of 12397?
9
What is the ten thousands digit of 10582?
1
What is the tens digit of 183?
8
What is the thousands digit of 7815?
7
What is the thousands digit of 13751?
3
What is the units digit of 3115?
5
What is the tens digit of 140?
4
What is the tens digit of 209?
0
What is the units digit of 11519?
9
What is the hundreds digit of 3026?
0
What is the hundreds digit of 2726?
7
What is the hundreds digit of 8574?
5
What is the tens digit of 1480?
8
What is the units digit of 131?
1
What is the units digit of 1660?
0
What is the tens digit of 15584?
8
What is the thousands digit of 2495?
2
What is the ten thousands digit of 18529?
1
What is the thousands digit of 4953?
4
What is the units digit of 955?
5
What is the thousands digit of 1476?
1
What is the hundreds digit of 17655?
6
What is the thousands digit of 32267?
2
What is the thousands digit of 10098?
0
What is the units digit of 109260?
0
What is the units digit of 1279?
9
What is the thousands digit of 2957?
2
What is the hundreds digit of 452?
4
What is the hundreds digit of 945?
9
What is the hundreds digit of 48814?
8
What is the units digit of 20930?
0
What is the tens digit of 15930?
3
What is the hundreds digit of 10009?
0
What is the units digit of 4375?
5
What is the thousands digit of 1135?
1
What is the units digit of 19170?
0
What is the units digit of 58?
8
What is the thousands digit of 24299?
4
What is the units digit of 6031?
1
What is the units digit of 4255?
5
What is the thousands digit of 5605?
5
What is the units digit of 131892?
2
What is the thousands digit of 37561?
7
What is the tens digit of 603?
0
What is the units digit of 9599?
9
What is the tens digit of 4974?
7
What is the tens digit of 32018?
1
What is the thousands digit of 11634?
1
What is the tens digit of 106075?
7
What is the ten thousands digit of 77679?
7
What is the hundreds digit of 3376?
3
What